te (1 - -1 - -4) + -7 + -7.
-8
What is the value of 2 + ((3 - 2) + 0 - 3)?
0
Calculate 3 + 4 + 1 + -5 + -4.
-1
Evaluate 218 + -226 - (-1 - 0).
-7
Calculate (0 - 4) + -8 + 9.
-3
(17 + -35 - -17) + 8 + -1
6
Evaluate -2 + -3 + 15 + -8.
2
Evaluate 1 + 7 - 3 - 6 - 5.
-6
What is 1 + -2 + 3 - 5?
-3
Calculate (9 - 5) + 2 + 0 + 0.
6
Evaluate -4 - (-4 + -1 - 5).
6
What is (4 - 2 - -2) + -5?
-1
(-4 - -2) + -11 + 2 + 9
-2
Calculate 3 + (6 - -2) - 5.
6
Calculate -10 + 11 + -1 + -2.
-2
Evaluate (-4 - 3) + 1 - -3.
-3
What is the value of -3 + (-8 - -3 - -3) + 0?
-5
Calculate 0 + (3 + 2 - 5) - 0.
0
Calculate (5 - 9) + 1 + 0.
-3
-4 + -3 + (1 - -3) + -5
-8
Evaluate (2 - -2 - 2) + 3.
5
What is the value of -1 + (-2 + -1 - -2)?
-2
What is -11 + (-4 - -5) + (-2 - -6)?
-6
4 + 1 + 2 - 5
2
Calculate -5 + 10 + (-13 + 0 - -7).
-1
What is 3 + 1 + (3 - 4) + -3?
0
What is -3 - (-6 + (2 - 4) + -1)?
6
What is (4 - -4 - 6) + 7?
9
Calculate -3 + 0 - (-4 + (-8 - -6)).
3
5 + 3 + -2 + -2 + 1
5
What is 5 + -3 - 8 - -2?
-4
Evaluate -3 + 6 - (-9 - -13).
-1
9 + -17 - ((-1 - 0) + -6)
-1
Evaluate 2 - ((3 - 1) + 3 + -5).
2
Calculate -17 - (1 + -16 + 7).
-9
Evaluate 2 + (-10 + 19 - (0 - -5)).
6
Calculate (3 - 9 - -4) + -1.
-3
What is the value of 4 + 1 + (2 - 7)?
0
(-15 - -16) + (4 - (2 - -1))
2
Evaluate (4 - 4) + 3 + -6.
-3
Calculate -1 - 1 - (-8 + -4 + 15).
-5
Calculate 6 - 2 - (2 + (-3 - -3)).
2
What is the value of -18 + -2 - (28 - 40)?
-8
What is the value of -3 + -1 + 7 + 1?
4
What is -21 - -24 - ((4 - 2) + -5)?
6
What is the value of -2 - -2 - (5 - 1)?
-4
(-12 - -14) + 10 + -13
-1
Calculate 4 + (4 - 6) - (-2 - 0).
4
Evaluate (-3 - 1 - -7) + (-14 - -6).
-5
Evaluate -4 + (13 - 14) + 14.
9
What is the value of 4 + 3 + (3 - 3 - 3)?
4
Evaluate 12 + (5 - 21) + -4.
-8
Calculate 12 + (9 - (25 + -14)).
10
What is the value of -8 + 9 + (-9 - (-8 - -3))?
-3
Evaluate (-4 - -6) + 2 - 3 - 6.
-5
What is 10 - (-4 + 12) - 4?
-2
What is the value of (11 - -1 - 8) + (3 - -3)?
10
Evaluate (-4 + 8 - -2) + -6 - 9.
-9
Calculate -2 - (-6 - -5) - (2 - 0).
-3
What is 1 + -3 + -2 + 1?
-3
What is the value of 2 - (-2 + 1) - 3?
0
What is the value of (-3 - -4) + -2 - 6?
-7
What is the value of -2 - (-16 - 0) - (3 - -4)?
7
Calculate 0 - -4 - (8 + (-7 - -2)).
1
-1 + 1 + 3 + 1 + -9
-5
-4 + (-6 - -7 - 3)
-6
What is the value of 7 + (3 - 6) + -2 - -5?
7
What is -2 - (6 + -6 + 12 + -10)?
-4
Evaluate 3 + 2 + (4 - (8 - 4)).
5
(-9 - -1) + 3 + -8 + 13
0
Calculate -4 - (-9 + -3) - 0 - 3.
5
What is -2 - (-1 - 4) - 0?
3
(0 - -5) + 73 + -81
-3
What is 3 + -1 + -3 + -4?
-5
Calculate 11 + -1 + (13 - 25 - -9).
7
Calculate -2 - (1 + 5 + -7).
-1
Evaluate (-1 - 5) + 0 - (205 - 211).
0
Evaluate 6 + -10 + 6 + 0.
2
What is -1 + (3 - (-1 + -2))?
5
What is the value of -6 + (-2 - -1 - (-1 - -2))?
-8
Evaluate -4 + (-5 - -11) + -3 - -6.
5
Evaluate (0 - 0) + (-3 - -17) + -12.
2
5 - 1 - -2 - (-11 - -19)
-2
9 - (-7 - (-5 - 3) - 2)
10
What is the value of 1 + (-5 - (6 + -2 - 8))?
0
(2 - (3 + 0)) + (-35 - -37)
1
Calculate -4 + (-1 - (-6 + 0)).
1
What is 1 + -6 - (-5 - -5) - -3?
-2
What is the value of (-3 - -7) + -2 + 7 + -12?
-3
What is (9 - -6) + -8 - 5?
2
Calculate 0 + (0 - (-1 + 2)) + 6.
5
Evaluate 2 - (-11 - -8 - -2) - 11.
-8
What is (-1 - (-6 - -2)) + (1 - 2)?
2
What is 2 - -3 - (0 + 6) - -1?
0
What is (-5 - -9) + -2 + -5 + 7?
4
What is the value of -237 + 236 + (1 + -3 - 0)?
-3
Calculate 1 + -5 - (6 - 10).
0
-7 + (-3 - -14 - -3)
7
Calculate -1 - (-15 - -8 - -7).
-1
-24 - -19 - (0 - 0)
-5
Evaluate 0 - (-5 + 3 + 6).
-4
What is the value of -10 - (-2 + (-8 - -2))?
-2
What is the value of 3 + -2 + -4 + (-3 - -7)?
1
What is the value of -1 + (3 - (-5 + 10 + -5))?
2
What is the value of 1 - (3 + 11 + -6)?
-7
What is the value of (-10 - -15) + -16 - -5?
-6
What is 26 + -22 + (-8 - 3) + -1?
-8
Calculate (3 + -6 - 0) + 3 + -1.
-1
What is the value of -1 + (-5 - -1 - -2)?
-3
16 + -16 + (4 - 4)
0
What is the value of -9 + -2 + 10 + (-6 - 0)?
-7
What is the value of 0 - 1 - (2 + 1)?
-4
What is 3 + (-1 + -9 - -3)?
-4
4 + 2 - (-3 - -9)
0
What is the value of 10 + -8 - (0 - -2)?
0
Evaluate -2 + -21 + 0 - -13.
-10
Evaluate -22 - -5 - -13 - 5.
-9
Evaluate 0 + (0 - 2 - 0) - 3.
-5
Calculate (2 - 7 - -6) + -6.
-5
-10 + 7 + (-11 - -13)
-1
What is the value of 1 - (6 - (-5 + (12 - 4)))?
-2
-6 - (-15 + (-3 - -8))
4
Evaluate 2 + (1 + 2 - (24 + -19)).
0
What is the value of -5 - (-1 - -7 - 5)?
-6
Evaluate 151 + -153 + 6 + (0 - -2).
6
19 - 18 - (-5 - -2)
4
What is the value of -9 + 3 - (0 - (-6 + 10))?
-2
What is -2 - (-15 + 5 + 1)?
7
Evaluate (6 - (8 + -4)) + -3.
-1
Evaluate 2 + 11 - (0 - -9 - 3).
7
(-2 - (1 - -3)) + (-70 - -86)
10
14 + (6 + -17 - 2)
1
-8 + (-2 - -5) - (-12 + 11)
-4
Calculate -2 + 1 + (14 - 18).
-5
What is -1 + -2 + 2 - (4 - 7)?
2
(-3 - 1 - -2) + 3
1
What is the value of 12 + (-7 - (5 + -4))?
4
What is the value of (-3 - 1) + 1 + 2 + 2?
1
-4 + (3 - (-3 - -2))
0
Evaluate -25 - -31 - (0 - 0) - 3.
3
What is (29 - 19) + -19 + 3?
-6
What is 84 + -78 - (4 - 2)?
4
-5 + (0 - 3) + 6
-2
What is the value of 0 - (1 + 0 - 1)?
0
What is 8 - (5 + 5 + 4)?
-6
What is the value of (6 - 0) + -1 + -1?
4
Evaluate (11 - 1) + (0 - 8) + 4.
6
Calculate 1 - 3 - (-8 - (1 - 3)).
4
What is the value of -6 + -1 + 2 + 9 + -2?
2
What is the value of 7 + 0 + (7 - 13) + 10?
11
What is 1 - ((4 - 6) + 4)?
-1
2 + (0 + -4 - -3)
1
Evaluate 4 + (-8 - (-7 - -5)).
-2
Calculate 1 + -2 + 17 + -25.
-9
0 - -3 - (-2 + 5)
0
Calculate -4 - -4 - (4 + (3 - 4)).
-3
Evaluate 0 + (-2 - (-1 + -1) - 3).
-3
What is (-1 - 4) + (53 - 53)?
-5
What is the value of 0 + (-1 - 3) - -1?
-3
What is -4 - (-7 + 4 + -1)?
0
1 + -3 + (-6 - 2) + 6
-4
-3 - 0 - (6 - 10)
1
What is the value of -4 + -3 - (11 + -4) - -7?
-7
Evaluate 0 - 4 - (-1 + 4 + -10).
3
Evaluate -2 + -1 + 1 + -12 + 14.
0
Evaluate 2 + 6 + -16 + 6.
-2
3 + 2 + (2 + 1 - 4)
4
Evaluate (1 - 1 - -5) + -6.
-1
Evaluate -9 + 4 - 7 - -6 - 1.
-7
1 - (0 - -1 - 1) - -2
3
Calculate 4 - (-4 + 4 - 1).
5
Calculate 0 + -3 + (-4 - -11).
4
Calculate -7 + 6 + (5 - 8).
-4
What is the value of 5 + -1 + -6 + -20 + 27?
5
-8 + 4 - 0 - -4
0
Calculate 16 - (-1 - (-8 - 3)).
6
What is the value of -8 + (0 - (-5 + -2))?
-1
Calculate 11 + 1 + -2 + 715 + -720.
5
What is (4 - 4) + (-2 - -5)?
3
Evaluate (-6 - (-3 + -1)) + (-1 - -1).
-2
What is the value of 2 + (-2 - (5 + 0))?
-5
-8 + 14 + (-1 - -3 - 2)
6
15 + -8 + (-1 - 3) + -7
-4
What is -5 - ((-4 - (3 + -4)) + -3)?
1
What is the value of (-16 - -10) + (2 - -3)?
-1
6 - (-4 + 5) - 8
-3
What is 11 - ((2 - 5) + -1 - -9)?
6
What is (18 - 13) + (0 - (0 - -1))?
4
Evaluate 3 + 2 + -5 + 1.
1
-3 - -1 - (4 - 0 - 4)
-2
What is 0 - (-5 + 3 + 3 + -5)?
4
Evaluate -1 - -2 - (-9 - -11).
-1
36 + -28 + (-5 - 3)
0
Calculate -16 + (-12 - -23) - -2.
-3
What is -12 - (1 - (5 + 2))?
-6
Calculate 8 + -6 + 1 + (7 - 5).
5
What is the value of -5 + (-2 - (-4 - 1))?
-2
6 + 5 + 2 - 8
5
Calculate -9 + (-5 - -10) - -1.
-3
What is the value of -2 + 1 + 1 + (11 - 7)?
4
Calculate 5 + -3 - (2 - 5).
5
Evaluate -18 + 19 - (3 - 1).
-1
Evaluate 7 - 8 - (4 + 0).
-5
What is 0 - (-6 - -3 - 2)?
5
What is the value of -12 + 7 + (13 - 0) - 1?
7
Evaluate 4 + (1 - (-1 + 5)) + 4.
5
4 + -4 - 2 - 0
-2
-4 - (2 - 3 - (-1 + 4))
0
Evaluate -2 + (4 - 16) + 2 + 4.
-8
What is 0 - (-7 + 2 + 5)?
0
What is (0 + 0 + -2 - -2) + -2?
-2
What is the value of (0 - -2) + 0 + -4?
-2
8 - (16 + (1 - 8))
-1
6 - (1 + -2) - (-6 + 12)
1
Calculate -14 - (6 + -18) - -13.
11
Calculate 2 + (3 - 11) - (-37 - -36).
-5
Calculate 7 + (-22 - -15) + (6 - 1).
5
What is the value of 10 + (1 - 16) + 8?
3
Evaluate (-42 - -39) + (9 - 1).
5
(16 - 9) + -1 + 0
6
What is the value of (-17 - -17) + -7 + 0 + 1?
-6
(-3 + -4 - -11) + -2
2
Calculate 35 + -13 - 13 - 7.
2
Calculate -4 + (-4 - (-15 - -1)) - 1.
5
What is the value of 6 + 11 + -20 + -2?
-5
Evaluate -10 - ((-1 - 0) + 2 - 5).
-6
Evaluate -3 - (0 + -2 + -1).
0
Evaluate 6 - 6 - (-4 + (3 - -1)).
0
What is 1 - (5 - 2) - (3 - 8)?
3
Calculate 1 + (-6 - 3 - -3).
-5
4 - ((7 - 1) + 1)
-3
-5 + 2 - (-6 - (-10 + 5))
-2
Evaluate 0 + -1 - (13 + -8 + -6).
0
What is (5 - 0) + (3 - 7) + 4?
5
What is (-7 + 2 - 6) + -4 + 7?
-8
Evaluate 6 + -9 + 18 + -8.
7
Evaluate -5 + (-2 - -6) - (5 + -3).
-3
1 + -4 - (-25 - -23)
-1
What is 0 - (-12 + 2) - 13?
-3
-6 - (0 - (-1 + 3 + 6))
2
What